{"id":3964,"date":"2021-08-30T16:42:20","date_gmt":"2021-08-30T14:42:20","guid":{"rendered":"http:\/\/itsall-energyefficiency.com\/?page_id=3964"},"modified":"2021-09-24T17:08:33","modified_gmt":"2021-09-24T15:08:33","slug":"intervista-maggio-greenflex","status":"publish","type":"page","link":"https:\/\/itsall-energyefficiency.com\/index.php\/intervista-maggio-greenflex\/","title":{"rendered":"intervista Maggio GREENFLEX"},"content":{"rendered":"<p><img loading=\"lazy\" decoding=\"async\" class=\"size-full wp-image-3965 alignleft\" src=\"http:\/\/itsall-energyefficiency.com\/wp-content\/uploads\/2021\/08\/MAGGIO.jpg\" alt=\"\" width=\"200\" height=\"200\" srcset=\"https:\/\/itsall-energyefficiency.com\/wp-content\/uploads\/2021\/08\/MAGGIO.jpg 200w, https:\/\/itsall-energyefficiency.com\/wp-content\/uploads\/2021\/08\/MAGGIO-150x150.jpg 150w\" sizes=\"auto, (max-width: 200px) 100vw, 200px\" \/><\/p>\n<h1><\/h1>\n<p>&nbsp;<\/p>\n<h1><span style=\"color: #008000;\">Intervista<\/span><\/h1>\n<p><strong>Steve Mario Maggio<\/strong> Country Manager <strong>GREENFLEX<\/strong><\/p>\n<p>&nbsp;<\/p>\n<p>&nbsp;<\/p>\n<p>&nbsp;<\/p>\n<h2><span style=\"color: #008000;\"><strong>Chi \u00e8 GreenFlex e perch\u00e9 \u00e8 il partner adatto per la sostenibilit\u00e0<\/strong><\/span><\/h2>\n<p>GreenFlex \u00e8 una societ\u00e0 appartenente al dipartimento &#8220;Carbon Neutrality Businesses&#8221; della nuova filiale Gas, Renewables &amp; Power del gruppo TotalEnergies, la quale conta oltre 450 collaboratori impiegati in 20 uffici in Europa di cui 2 in Italia (Milano e Roma).<\/p>\n<p>Siamo convinti che le aziende, attraverso le loro attivit\u00e0, debbano partecipare alla transizione ambientale per riparare il pianeta e la societ\u00e0, intraprendendo un percorso che permetta loro di raggiungere gradualmente dapprima la riduzione delle emissioni e successivamente la carbon neutrality, per divenire soggetti in grado di guidare una nuova economia rigenerativa.<\/p>\n<p>GreenFlex si rivolge alle aziende PMI e Corporate dei diversi settori della produzione Industriale, della GDO, del Retail, dell\u2019Hospitality, compresa la sanit\u00e0 privata e della Logistica.<\/p>\n<p>Dal 2009, grazie ad un approccio multi-competenza unico che combina consulenza, supporto operativo, digitale e finanziario, supportiamo i nostri 750 clienti per integrare la creazione di valore ambientale e sociale globale al centro della loro attivit\u00e0.<\/p>\n<p>In GreenFlex crediamo che la gestione e l\u2019analisi dei dati rappresentino la sfida e la chiave di crescita per le organizzazioni di oggi e di domani.<\/p>\n<p>Grazie a GreenFlexIQ, la piattaforma web proprietaria di GreenFlex, dedicata a rispondere alle esigenze delle aziende nell\u2019ambito ESG, Environmental Social and Governance, i clienti potranno monitorare e governare i dati di carattere ambientale come le emissioni di CO2 e i consumi energetici.<\/p>\n<p>&nbsp;<\/p>\n<h2><span style=\"color: #008000;\"><strong>Come funziona la piattaforma GreenFlexIQ?<\/strong><\/span><\/h2>\n<p>La piattaforma \u00e8 resa disponibile a tutti i clienti GreenFlex che sottoscrivono un contratto di Servizi di Energy Management o di Asset Management. I servizi vengono sempre gestiti attraverso l\u2019interazione con un esperto di GreenFlex, il quale cura il rapporto con gli utilizzatori durante le diverse fasi di set up, avanzamento, reporting e customizzazione dei moduli e delle dashboard.<\/p>\n<p>Essa prevede la connessione da remoto ad apparecchiature di terze parti come contatori, portali, sensori, sistemi EMS e BMS da cui ricevere i dati di campo di uno o pi\u00f9 siti gestiti dal beneficiario.<\/p>\n<p>Gli esperti di GreenFlex provvedono a censire tutte le consistenze degli asset tecnologici ed a definire le situazioni di riferimento degli immobili secondo procedure standardizzate e protocolli di misura internazionali come IPMVP.<\/p>\n<p>Il beneficiario e tutti gli utilizzatori autorizzati da quest\u2019ultimo, avranno la possibilit\u00e0 di visualizzare e scaricare le informazioni aggiornate in tempo reale e potranno ricevere report periodici pre-formulati in base alle proprie esigenze specifiche.<\/p>\n<p>Tra i vari servizi disponibili: il monitoraggio dei consumi energetici, l\u2019identificazione dei KPI personalizzati e la comparazione tra diversi siti, benchmark di settore e periodi temporali. \u00c8 possibile inoltre attivare moduli alimentati da algoritmi di intelligenza artificiale, come ad esempio l\u2019allarmistica relativa alle anomalie di consumo, il piano delle azioni di miglioramento dell\u2019efficienza energetica da intraprendere, la traiettoria di mantenimento delle emissioni di tutto il parco tecnologico e immobiliare.<\/p>\n<p>Grazie a questa elaborazione continuativa ed automatizzata, le aziende ottengono anche tutte le informazioni necessarie a predisporre bilanci di sostenibilit\u00e0, certificazioni come ISO 50001 e Carbon FootPrint ed espletare obblighi normativi come la redazione di diagnosi energetiche periodiche.<\/p>\n<p>Per ottenere una proposta personalizzata \u00e8 sufficiente contattare la segreteria commerciale e richiedere un audit preliminare.\u00a0 Gli esperti di GreenFlex interagiranno con i referenti tecnici del cliente, richiederanno l\u2019invio di elaborati tecnici ed eseguiranno eventuali sopralluoghi in campo, terminati i quali verr\u00e0 fornita sia la panoramica dei servizi applicabili che l\u2019identificazione di eventuali hardware necessari, con le relative proposte commerciali a canone.<\/p>\n<p><a href=\"https:\/\/www.greenflex.com\/it\/\">https:\/\/www.greenflex.com\/it\/\u00a0<\/a><\/p>\n<p>&nbsp;<\/p>\n","protected":false},"excerpt":{"rendered":"<p>&nbsp; Intervista Steve Mario Maggio Country Manager GREENFLEX &nbsp; &nbsp; &nbsp; Chi \u00e8 GreenFlex e perch\u00e9 \u00e8 il partner adatto per la sostenibilit\u00e0 GreenFlex \u00e8 una societ\u00e0 appartenente al dipartimento &#8220;Carbon Neutrality Businesses&#8221; della nuova filiale Gas, Renewables &amp; Power del gruppo TotalEnergies, la quale conta oltre 450 collaboratori impiegati in 20 uffici in Europa [&hellip;]<\/p>\n","protected":false},"author":2,"featured_media":0,"parent":0,"menu_order":0,"comment_status":"closed","ping_status":"closed","template":"","meta":{"footnotes":""},"class_list":["post-3964","page","type-page","status-publish","hentry"],"yoast_head":"<!-- This site is optimized with the Yoast SEO plugin v24.8.1 - https:\/\/yoast.com\/wordpress\/plugins\/seo\/ -->\n<title>intervista Maggio GREENFLEX - It&#039;s all ENERGY EFFICIENCY<\/title>\n<meta name=\"robots\" content=\"index, follow, max-snippet:-1, max-image-preview:large, max-video-preview:-1\" \/>\n<link rel=\"canonical\" href=\"https:\/\/itsall-energyefficiency.com\/index.php\/intervista-maggio-greenflex\/\" \/>\n<meta property=\"og:locale\" content=\"it_IT\" \/>\n<meta property=\"og:type\" content=\"article\" \/>\n<meta property=\"og:title\" content=\"intervista Maggio GREENFLEX - It&#039;s all ENERGY EFFICIENCY\" \/>\n<meta property=\"og:description\" content=\"&nbsp; Intervista Steve Mario Maggio Country Manager GREENFLEX &nbsp; &nbsp; &nbsp; Chi \u00e8 GreenFlex e perch\u00e9 \u00e8 il partner adatto per la sostenibilit\u00e0 GreenFlex \u00e8 una societ\u00e0 appartenente al dipartimento &#8220;Carbon Neutrality Businesses&#8221; della nuova filiale Gas, Renewables &amp; Power del gruppo TotalEnergies, la quale conta oltre 450 collaboratori impiegati in 20 uffici in Europa [&hellip;]\" \/>\n<meta property=\"og:url\" content=\"https:\/\/itsall-energyefficiency.com\/index.php\/intervista-maggio-greenflex\/\" \/>\n<meta property=\"og:site_name\" content=\"It&#039;s all ENERGY EFFICIENCY\" \/>\n<meta property=\"article:modified_time\" content=\"2021-09-24T15:08:33+00:00\" \/>\n<meta property=\"og:image\" content=\"https:\/\/itsall-energyefficiency.com\/wp-content\/uploads\/2021\/08\/MAGGIO.jpg\" \/>\n\t<meta property=\"og:image:width\" content=\"200\" \/>\n\t<meta property=\"og:image:height\" content=\"200\" \/>\n\t<meta property=\"og:image:type\" content=\"image\/jpeg\" \/>\n<meta name=\"twitter:card\" content=\"summary_large_image\" \/>\n<meta name=\"twitter:label1\" content=\"Tempo di lettura stimato\" \/>\n\t<meta name=\"twitter:data1\" content=\"3 minuti\" \/>\n<script type=\"application\/ld+json\" class=\"yoast-schema-graph\">{\"@context\":\"https:\/\/schema.org\",\"@graph\":[{\"@type\":\"WebPage\",\"@id\":\"https:\/\/itsall-energyefficiency.com\/index.php\/intervista-maggio-greenflex\/\",\"url\":\"https:\/\/itsall-energyefficiency.com\/index.php\/intervista-maggio-greenflex\/\",\"name\":\"intervista Maggio GREENFLEX - It&#039;s all ENERGY EFFICIENCY\",\"isPartOf\":{\"@id\":\"https:\/\/itsall-energyefficiency.com\/#website\"},\"primaryImageOfPage\":{\"@id\":\"https:\/\/itsall-energyefficiency.com\/index.php\/intervista-maggio-greenflex\/#primaryimage\"},\"image\":{\"@id\":\"https:\/\/itsall-energyefficiency.com\/index.php\/intervista-maggio-greenflex\/#primaryimage\"},\"thumbnailUrl\":\"http:\/\/itsall-energyefficiency.com\/wp-content\/uploads\/2021\/08\/MAGGIO.jpg\",\"datePublished\":\"2021-08-30T14:42:20+00:00\",\"dateModified\":\"2021-09-24T15:08:33+00:00\",\"breadcrumb\":{\"@id\":\"https:\/\/itsall-energyefficiency.com\/index.php\/intervista-maggio-greenflex\/#breadcrumb\"},\"inLanguage\":\"it-IT\",\"potentialAction\":[{\"@type\":\"ReadAction\",\"target\":[\"https:\/\/itsall-energyefficiency.com\/index.php\/intervista-maggio-greenflex\/\"]}]},{\"@type\":\"ImageObject\",\"inLanguage\":\"it-IT\",\"@id\":\"https:\/\/itsall-energyefficiency.com\/index.php\/intervista-maggio-greenflex\/#primaryimage\",\"url\":\"http:\/\/itsall-energyefficiency.com\/wp-content\/uploads\/2021\/08\/MAGGIO.jpg\",\"contentUrl\":\"http:\/\/itsall-energyefficiency.com\/wp-content\/uploads\/2021\/08\/MAGGIO.jpg\"},{\"@type\":\"BreadcrumbList\",\"@id\":\"https:\/\/itsall-energyefficiency.com\/index.php\/intervista-maggio-greenflex\/#breadcrumb\",\"itemListElement\":[{\"@type\":\"ListItem\",\"position\":1,\"name\":\"Home\",\"item\":\"https:\/\/itsall-energyefficiency.com\/\"},{\"@type\":\"ListItem\",\"position\":2,\"name\":\"intervista Maggio GREENFLEX\"}]},{\"@type\":\"WebSite\",\"@id\":\"https:\/\/itsall-energyefficiency.com\/#website\",\"url\":\"https:\/\/itsall-energyefficiency.com\/\",\"name\":\"It&#039;s all ENERGY EFFICIENCY\",\"description\":\"Gli ENERGY MANEGER a confornto\",\"potentialAction\":[{\"@type\":\"SearchAction\",\"target\":{\"@type\":\"EntryPoint\",\"urlTemplate\":\"https:\/\/itsall-energyefficiency.com\/?s={search_term_string}\"},\"query-input\":{\"@type\":\"PropertyValueSpecification\",\"valueRequired\":true,\"valueName\":\"search_term_string\"}}],\"inLanguage\":\"it-IT\"}]}<\/script>\n<!-- \/ Yoast SEO plugin. -->","yoast_head_json":{"title":"intervista Maggio GREENFLEX - It&#039;s all ENERGY EFFICIENCY","robots":{"index":"index","follow":"follow","max-snippet":"max-snippet:-1","max-image-preview":"max-image-preview:large","max-video-preview":"max-video-preview:-1"},"canonical":"https:\/\/itsall-energyefficiency.com\/index.php\/intervista-maggio-greenflex\/","og_locale":"it_IT","og_type":"article","og_title":"intervista Maggio GREENFLEX - It&#039;s all ENERGY EFFICIENCY","og_description":"&nbsp; Intervista Steve Mario Maggio Country Manager GREENFLEX &nbsp; &nbsp; &nbsp; Chi \u00e8 GreenFlex e perch\u00e9 \u00e8 il partner adatto per la sostenibilit\u00e0 GreenFlex \u00e8 una societ\u00e0 appartenente al dipartimento &#8220;Carbon Neutrality Businesses&#8221; della nuova filiale Gas, Renewables &amp; Power del gruppo TotalEnergies, la quale conta oltre 450 collaboratori impiegati in 20 uffici in Europa [&hellip;]","og_url":"https:\/\/itsall-energyefficiency.com\/index.php\/intervista-maggio-greenflex\/","og_site_name":"It&#039;s all ENERGY EFFICIENCY","article_modified_time":"2021-09-24T15:08:33+00:00","og_image":[{"width":200,"height":200,"url":"https:\/\/itsall-energyefficiency.com\/wp-content\/uploads\/2021\/08\/MAGGIO.jpg","type":"image\/jpeg"}],"twitter_card":"summary_large_image","twitter_misc":{"Tempo di lettura stimato":"3 minuti"},"schema":{"@context":"https:\/\/schema.org","@graph":[{"@type":"WebPage","@id":"https:\/\/itsall-energyefficiency.com\/index.php\/intervista-maggio-greenflex\/","url":"https:\/\/itsall-energyefficiency.com\/index.php\/intervista-maggio-greenflex\/","name":"intervista Maggio GREENFLEX - It&#039;s all ENERGY EFFICIENCY","isPartOf":{"@id":"https:\/\/itsall-energyefficiency.com\/#website"},"primaryImageOfPage":{"@id":"https:\/\/itsall-energyefficiency.com\/index.php\/intervista-maggio-greenflex\/#primaryimage"},"image":{"@id":"https:\/\/itsall-energyefficiency.com\/index.php\/intervista-maggio-greenflex\/#primaryimage"},"thumbnailUrl":"http:\/\/itsall-energyefficiency.com\/wp-content\/uploads\/2021\/08\/MAGGIO.jpg","datePublished":"2021-08-30T14:42:20+00:00","dateModified":"2021-09-24T15:08:33+00:00","breadcrumb":{"@id":"https:\/\/itsall-energyefficiency.com\/index.php\/intervista-maggio-greenflex\/#breadcrumb"},"inLanguage":"it-IT","potentialAction":[{"@type":"ReadAction","target":["https:\/\/itsall-energyefficiency.com\/index.php\/intervista-maggio-greenflex\/"]}]},{"@type":"ImageObject","inLanguage":"it-IT","@id":"https:\/\/itsall-energyefficiency.com\/index.php\/intervista-maggio-greenflex\/#primaryimage","url":"http:\/\/itsall-energyefficiency.com\/wp-content\/uploads\/2021\/08\/MAGGIO.jpg","contentUrl":"http:\/\/itsall-energyefficiency.com\/wp-content\/uploads\/2021\/08\/MAGGIO.jpg"},{"@type":"BreadcrumbList","@id":"https:\/\/itsall-energyefficiency.com\/index.php\/intervista-maggio-greenflex\/#breadcrumb","itemListElement":[{"@type":"ListItem","position":1,"name":"Home","item":"https:\/\/itsall-energyefficiency.com\/"},{"@type":"ListItem","position":2,"name":"intervista Maggio GREENFLEX"}]},{"@type":"WebSite","@id":"https:\/\/itsall-energyefficiency.com\/#website","url":"https:\/\/itsall-energyefficiency.com\/","name":"It&#039;s all ENERGY EFFICIENCY","description":"Gli ENERGY MANEGER a confornto","potentialAction":[{"@type":"SearchAction","target":{"@type":"EntryPoint","urlTemplate":"https:\/\/itsall-energyefficiency.com\/?s={search_term_string}"},"query-input":{"@type":"PropertyValueSpecification","valueRequired":true,"valueName":"search_term_string"}}],"inLanguage":"it-IT"}]}},"_links":{"self":[{"href":"https:\/\/itsall-energyefficiency.com\/index.php\/wp-json\/wp\/v2\/pages\/3964","targetHints":{"allow":["GET"]}}],"collection":[{"href":"https:\/\/itsall-energyefficiency.com\/index.php\/wp-json\/wp\/v2\/pages"}],"about":[{"href":"https:\/\/itsall-energyefficiency.com\/index.php\/wp-json\/wp\/v2\/types\/page"}],"author":[{"embeddable":true,"href":"https:\/\/itsall-energyefficiency.com\/index.php\/wp-json\/wp\/v2\/users\/2"}],"replies":[{"embeddable":true,"href":"https:\/\/itsall-energyefficiency.com\/index.php\/wp-json\/wp\/v2\/comments?post=3964"}],"version-history":[{"count":9,"href":"https:\/\/itsall-energyefficiency.com\/index.php\/wp-json\/wp\/v2\/pages\/3964\/revisions"}],"predecessor-version":[{"id":3983,"href":"https:\/\/itsall-energyefficiency.com\/index.php\/wp-json\/wp\/v2\/pages\/3964\/revisions\/3983"}],"wp:attachment":[{"href":"https:\/\/itsall-energyefficiency.com\/index.php\/wp-json\/wp\/v2\/media?parent=3964"}],"curies":[{"name":"wp","href":"https:\/\/api.w.org\/{rel}","templated":true}]}}