{"id":4439,"date":"2023-09-22T16:41:17","date_gmt":"2023-09-22T14:41:17","guid":{"rendered":"https:\/\/itsall-energyefficiency.com\/?page_id=4439"},"modified":"2023-09-25T17:48:40","modified_gmt":"2023-09-25T15:48:40","slug":"intervista-vertiv","status":"publish","type":"page","link":"https:\/\/itsall-energyefficiency.com\/index.php\/intervista-vertiv\/","title":{"rendered":"intervista"},"content":{"rendered":"<p>[vc_row css=&#8221;.vc_custom_1695064285838{padding-top: 20px !important;}&#8221;][vc_column width=&#8221;5\/6&#8243;][vc_single_image image=&#8221;4415&#8243; img_size=&#8221;full&#8221; style=&#8221;vc_box_border_circle_2&#8243;][vc_column_text]<strong>Alberto Rostellato<\/strong> Retail and C&amp;I Strategic Segments Account Manager, Southern Europe\u00a0<strong>VERTIV<\/strong>[\/vc_column_text][\/vc_column][vc_column width=&#8221;1\/6&#8243;][vc_single_image image=&#8221;4420&#8243;][\/vc_column][\/vc_row][vc_row][vc_column][vc_column_text]<\/p>\n<h2><span style=\"color: #333333;\"><strong>Come sta cambiando il data center e quali le nuove sfide generate?<\/strong><\/span><\/h2>\n<p>Non \u00e8 solo la pandemia ad aver avuto un impatto importante sui data center negli ultimi anni. L&#8217;ascesa dell&#8217;intelligenza artificiale generativa (AI-gen), la realt\u00e0 virtuale e aumentata, l\u2019Internet of Things (IoT) e pi\u00f9 in generale le tecnologie pi\u00f9 innovative legate all\u2019Industria 4.0 hanno incrementato drasticamente la necessit\u00e0 di ambienti di calcolo in prossimit\u00e0 all\u2019utente per ridurre i tempi di elaborazione e di risposta. Questo sta portando all\u2019adozione di nuovi approcci alla progettazione, all&#8217;ampliamento e alla gestione dei data center.<\/p>\n<p>Con un tasso di crescita annuo composto (CAGR) globale previsto del 17,8%, la tecnologia edge sta ridisegnando il panorama digitale, offrendo appunto esperienze utente migliorate, latenza ridotta e maggiore sicurezza per utenti e infrastrutture. Per sfruttare appieno il potenziale dei siti edge, le aziende per\u00f2 devono:<\/p>\n<ul>\n<li>scegliere il sistema rack ottimale, che pu\u00f2 essere sia un modello rack classico indoor che uno shelter outdoor<\/li>\n<li>integrare i sistemi di alimentazione e raffreddamento pi\u00f9 adatti che rispondano alle varie esigenze, adottando una soluzione plug-and-play capace di semplificare cos\u00ec anche gli aspetti legati alla complessit\u00e0 dell\u2019impianto e dell\u2019installazione<\/li>\n<li>implementare le migliori strategie di gestione remota e automazione affidandosi a sistemi di monitoraggio remoto in grado di identificare e risolvere in modo preventivo potenziali guasti alle sedi edge non presidiate<\/li>\n<\/ul>\n<p>Data la loro natura, i data center edge sono siti in luoghi remoti, dove non sempre la rete elettrica e connettivit\u00e0 sono disponibili. In questi casi un\u2019altra sfida \u00e8 quella di rendere questi siti il pi\u00f9 possibile autonomi grazie a pannelli fotovoltaici, batterie d\u2019accumulo, connettivit\u00e0 wireless, sistemi di sorveglianza e antincendio.<\/p>\n<p><strong>\u00a0<\/strong><\/p>\n<h2><span style=\"color: #333333;\"><strong>Come ottenere l\u2019efficientamento energetico in un edge data center?<\/strong><\/span><\/h2>\n<p>Vertiv offre un portfolio basato su ampie competenze e su forti expertise di innovazione. L\u2019attenzione dell\u2019azienda si concentra sullo sviluppo di soluzioni altamente disponibili che siano efficienti dal punto di vista energetico e idrico, supportando i clienti nel vincere le sfide pi\u00f9 urgenti. La gamma di Vertiv aiuta a sostenere anche le iniziative di sostenibilit\u00e0 attraverso i sistemi per la gestione dell&#8217;energia e quella termica, per i rack e i sistemi di gestione IT, senza dimenticare i servizi e le soluzioni integrate.<\/p>\n<p>Nello specifico, il <a href=\"https:\/\/www.vertiv.com\/it-emea\/products-catalog\/facilities-enclosures-and-racks\/integrated-solutions\/vertiv-vrc-s-edge-ready-micro-data-center-system2\/\">Vertiv\u2122 VRC-S<\/a> \u00e8 la soluzione rack plug-and-play di micro data center che rispecchia in pieno il paradigma edge. \u00c8 comprensivo di gruppo di continuit\u00e0 (UPS), condizionamento e distribuzione elettrica, il tutto pre-assemblato in fabbrica. L\u2019efficientamento \u00e8 dato quindi da:<\/p>\n<ul>\n<li>maggior semplicit\u00e0 d\u2019installazione, quindi risparmio di tempo<\/li>\n<li>modulazione della capacit\u00e0 di raffreddamento, adattandola al reale carico IT<\/li>\n<li>integrazione di tutti gli elementi con una maggiore efficienza e controllo<\/li>\n<li>disponibile anche con batterie al litio, che garantiscono un ciclo di vita 2-3 volte pi\u00f9 lungo rispetto a quelle al piombo, vantano imgombri pi\u00f9 ridotti e possono garantire risparmi sul TCO fino al 50% rispetto alle batterie VRLA<\/li>\n<li>\u00e8 compatibile coi principali protocolli standard per il monitoraggio, andando cos\u00ec a controllare i consumi dei singoli apparecchi, pianificando efficientemente la manutenzione, riducendo la necessit\u00e0 di personale sul posto<\/li>\n<li>manutenzione preventiva che aumenta ulteriormente il ciclo di vita con conseguente riduzione dei costi legati alle parti di ricambio e allo smaltimento<\/li>\n<\/ul>\n<p>Il Vertiv VRC-S infine pu\u00f2 essere affiancato da una soluzione di Energy Storage per l\u2019accumulo di energia alternativa, proveniente per esempio da un impianto fotovoltaico, che pu\u00f2 essere collegato tramite i nostri raddrizzatori e controlli ad alta efficienza. Questo aiuta a ridurre l\u2019uso dell\u2019energia elettrica proveniente dalla rete, riducendo cos\u00ec ulteriormente i costi e l\u2019impatto sull\u2019ambiente.<\/p>\n<p>Tale soluzione \u00e8 ottimale in ambienti non condizionati e non presidiati, come magazzini, linee di produzione, uffici.<\/p>\n<p>Occorre infine ricordare che Vertiv supporta qualsiasi applicazione, con un\u2019estesa offerta di servizi di assistenza che comprendono installazione, avvio, messa in servizio, manutenzione, sostituzioni, monitoraggio e diagnostica da remoto 24\/7 e molto altro. La soluzione di diagnostica remota e monitoraggio preventivo Vertiv LIFE\u2122 Service fornisce informazioni in tempo reale utili per prendere decisioni, poich\u00e9 consente di rilevare precocemente eventuali anomalie, con reazioni istantanee in caso di allarme.[\/vc_column_text][\/vc_column][\/vc_row]<\/p>\n","protected":false},"excerpt":{"rendered":"<p>[vc_row css=&#8221;.vc_custom_1695064285838{padding-top: 20px !important;}&#8221;][vc_column width=&#8221;5\/6&#8243;][vc_single_image image=&#8221;4415&#8243; img_size=&#8221;full&#8221; style=&#8221;vc_box_border_circle_2&#8243;][vc_column_text]Alberto Rostellato Retail and C&amp;I Strategic Segments Account Manager, Southern Europe\u00a0VERTIV[\/vc_column_text][\/vc_column][vc_column width=&#8221;1\/6&#8243;][vc_single_image image=&#8221;4420&#8243;][\/vc_column][\/vc_row][vc_row][vc_column][vc_column_text] Come sta cambiando il data center e quali le nuove sfide generate? Non \u00e8 solo la pandemia ad aver avuto un impatto importante sui data center negli ultimi anni. L&#8217;ascesa dell&#8217;intelligenza artificiale generativa (AI-gen), la [&hellip;]<\/p>\n","protected":false},"author":2,"featured_media":0,"parent":0,"menu_order":0,"comment_status":"closed","ping_status":"closed","template":"","meta":{"footnotes":""},"class_list":["post-4439","page","type-page","status-publish","hentry"],"yoast_head":"<!-- This site is optimized with the Yoast SEO plugin v24.8.1 - https:\/\/yoast.com\/wordpress\/plugins\/seo\/ -->\n<title>intervista - It&#039;s all ENERGY EFFICIENCY<\/title>\n<meta name=\"robots\" content=\"index, follow, max-snippet:-1, max-image-preview:large, max-video-preview:-1\" \/>\n<link rel=\"canonical\" href=\"https:\/\/itsall-energyefficiency.com\/index.php\/intervista-vertiv\/\" \/>\n<meta property=\"og:locale\" content=\"it_IT\" \/>\n<meta property=\"og:type\" content=\"article\" \/>\n<meta property=\"og:title\" content=\"intervista - It&#039;s all ENERGY EFFICIENCY\" \/>\n<meta property=\"og:description\" content=\"[vc_row css=&#8221;.vc_custom_1695064285838{padding-top: 20px !important;}&#8221;][vc_column width=&#8221;5\/6&#8243;][vc_single_image image=&#8221;4415&#8243; img_size=&#8221;full&#8221; style=&#8221;vc_box_border_circle_2&#8243;][vc_column_text]Alberto Rostellato Retail and C&amp;I Strategic Segments Account Manager, Southern Europe\u00a0VERTIV[\/vc_column_text][\/vc_column][vc_column width=&#8221;1\/6&#8243;][vc_single_image image=&#8221;4420&#8243;][\/vc_column][\/vc_row][vc_row][vc_column][vc_column_text] Come sta cambiando il data center e quali le nuove sfide generate? Non \u00e8 solo la pandemia ad aver avuto un impatto importante sui data center negli ultimi anni. L&#8217;ascesa dell&#8217;intelligenza artificiale generativa (AI-gen), la [&hellip;]\" \/>\n<meta property=\"og:url\" content=\"https:\/\/itsall-energyefficiency.com\/index.php\/intervista-vertiv\/\" \/>\n<meta property=\"og:site_name\" content=\"It&#039;s all ENERGY EFFICIENCY\" \/>\n<meta property=\"article:modified_time\" content=\"2023-09-25T15:48:40+00:00\" \/>\n<meta name=\"twitter:card\" content=\"summary_large_image\" \/>\n<meta name=\"twitter:label1\" content=\"Tempo di lettura stimato\" \/>\n\t<meta name=\"twitter:data1\" content=\"4 minuti\" \/>\n<script type=\"application\/ld+json\" class=\"yoast-schema-graph\">{\"@context\":\"https:\/\/schema.org\",\"@graph\":[{\"@type\":\"WebPage\",\"@id\":\"https:\/\/itsall-energyefficiency.com\/index.php\/intervista-vertiv\/\",\"url\":\"https:\/\/itsall-energyefficiency.com\/index.php\/intervista-vertiv\/\",\"name\":\"intervista - It&#039;s all ENERGY EFFICIENCY\",\"isPartOf\":{\"@id\":\"https:\/\/itsall-energyefficiency.com\/#website\"},\"datePublished\":\"2023-09-22T14:41:17+00:00\",\"dateModified\":\"2023-09-25T15:48:40+00:00\",\"breadcrumb\":{\"@id\":\"https:\/\/itsall-energyefficiency.com\/index.php\/intervista-vertiv\/#breadcrumb\"},\"inLanguage\":\"it-IT\",\"potentialAction\":[{\"@type\":\"ReadAction\",\"target\":[\"https:\/\/itsall-energyefficiency.com\/index.php\/intervista-vertiv\/\"]}]},{\"@type\":\"BreadcrumbList\",\"@id\":\"https:\/\/itsall-energyefficiency.com\/index.php\/intervista-vertiv\/#breadcrumb\",\"itemListElement\":[{\"@type\":\"ListItem\",\"position\":1,\"name\":\"Home\",\"item\":\"https:\/\/itsall-energyefficiency.com\/\"},{\"@type\":\"ListItem\",\"position\":2,\"name\":\"intervista\"}]},{\"@type\":\"WebSite\",\"@id\":\"https:\/\/itsall-energyefficiency.com\/#website\",\"url\":\"https:\/\/itsall-energyefficiency.com\/\",\"name\":\"It&#039;s all ENERGY EFFICIENCY\",\"description\":\"Gli ENERGY MANEGER a confornto\",\"potentialAction\":[{\"@type\":\"SearchAction\",\"target\":{\"@type\":\"EntryPoint\",\"urlTemplate\":\"https:\/\/itsall-energyefficiency.com\/?s={search_term_string}\"},\"query-input\":{\"@type\":\"PropertyValueSpecification\",\"valueRequired\":true,\"valueName\":\"search_term_string\"}}],\"inLanguage\":\"it-IT\"}]}<\/script>\n<!-- \/ Yoast SEO plugin. -->","yoast_head_json":{"title":"intervista - It&#039;s all ENERGY EFFICIENCY","robots":{"index":"index","follow":"follow","max-snippet":"max-snippet:-1","max-image-preview":"max-image-preview:large","max-video-preview":"max-video-preview:-1"},"canonical":"https:\/\/itsall-energyefficiency.com\/index.php\/intervista-vertiv\/","og_locale":"it_IT","og_type":"article","og_title":"intervista - It&#039;s all ENERGY EFFICIENCY","og_description":"[vc_row css=&#8221;.vc_custom_1695064285838{padding-top: 20px !important;}&#8221;][vc_column width=&#8221;5\/6&#8243;][vc_single_image image=&#8221;4415&#8243; img_size=&#8221;full&#8221; style=&#8221;vc_box_border_circle_2&#8243;][vc_column_text]Alberto Rostellato Retail and C&amp;I Strategic Segments Account Manager, Southern Europe\u00a0VERTIV[\/vc_column_text][\/vc_column][vc_column width=&#8221;1\/6&#8243;][vc_single_image image=&#8221;4420&#8243;][\/vc_column][\/vc_row][vc_row][vc_column][vc_column_text] Come sta cambiando il data center e quali le nuove sfide generate? Non \u00e8 solo la pandemia ad aver avuto un impatto importante sui data center negli ultimi anni. L&#8217;ascesa dell&#8217;intelligenza artificiale generativa (AI-gen), la [&hellip;]","og_url":"https:\/\/itsall-energyefficiency.com\/index.php\/intervista-vertiv\/","og_site_name":"It&#039;s all ENERGY EFFICIENCY","article_modified_time":"2023-09-25T15:48:40+00:00","twitter_card":"summary_large_image","twitter_misc":{"Tempo di lettura stimato":"4 minuti"},"schema":{"@context":"https:\/\/schema.org","@graph":[{"@type":"WebPage","@id":"https:\/\/itsall-energyefficiency.com\/index.php\/intervista-vertiv\/","url":"https:\/\/itsall-energyefficiency.com\/index.php\/intervista-vertiv\/","name":"intervista - It&#039;s all ENERGY EFFICIENCY","isPartOf":{"@id":"https:\/\/itsall-energyefficiency.com\/#website"},"datePublished":"2023-09-22T14:41:17+00:00","dateModified":"2023-09-25T15:48:40+00:00","breadcrumb":{"@id":"https:\/\/itsall-energyefficiency.com\/index.php\/intervista-vertiv\/#breadcrumb"},"inLanguage":"it-IT","potentialAction":[{"@type":"ReadAction","target":["https:\/\/itsall-energyefficiency.com\/index.php\/intervista-vertiv\/"]}]},{"@type":"BreadcrumbList","@id":"https:\/\/itsall-energyefficiency.com\/index.php\/intervista-vertiv\/#breadcrumb","itemListElement":[{"@type":"ListItem","position":1,"name":"Home","item":"https:\/\/itsall-energyefficiency.com\/"},{"@type":"ListItem","position":2,"name":"intervista"}]},{"@type":"WebSite","@id":"https:\/\/itsall-energyefficiency.com\/#website","url":"https:\/\/itsall-energyefficiency.com\/","name":"It&#039;s all ENERGY EFFICIENCY","description":"Gli ENERGY MANEGER a confornto","potentialAction":[{"@type":"SearchAction","target":{"@type":"EntryPoint","urlTemplate":"https:\/\/itsall-energyefficiency.com\/?s={search_term_string}"},"query-input":{"@type":"PropertyValueSpecification","valueRequired":true,"valueName":"search_term_string"}}],"inLanguage":"it-IT"}]}},"_links":{"self":[{"href":"https:\/\/itsall-energyefficiency.com\/index.php\/wp-json\/wp\/v2\/pages\/4439","targetHints":{"allow":["GET"]}}],"collection":[{"href":"https:\/\/itsall-energyefficiency.com\/index.php\/wp-json\/wp\/v2\/pages"}],"about":[{"href":"https:\/\/itsall-energyefficiency.com\/index.php\/wp-json\/wp\/v2\/types\/page"}],"author":[{"embeddable":true,"href":"https:\/\/itsall-energyefficiency.com\/index.php\/wp-json\/wp\/v2\/users\/2"}],"replies":[{"embeddable":true,"href":"https:\/\/itsall-energyefficiency.com\/index.php\/wp-json\/wp\/v2\/comments?post=4439"}],"version-history":[{"count":4,"href":"https:\/\/itsall-energyefficiency.com\/index.php\/wp-json\/wp\/v2\/pages\/4439\/revisions"}],"predecessor-version":[{"id":4444,"href":"https:\/\/itsall-energyefficiency.com\/index.php\/wp-json\/wp\/v2\/pages\/4439\/revisions\/4444"}],"wp:attachment":[{"href":"https:\/\/itsall-energyefficiency.com\/index.php\/wp-json\/wp\/v2\/media?parent=4439"}],"curies":[{"name":"wp","href":"https:\/\/api.w.org\/{rel}","templated":true}]}}

<p>[vc_row css=&#8221;.vc_custom_1695064285838{padding-top: 20px !important;}&#8221;][vc_column width=&#8221;5/6&#8243;][vc_single_image image=&#8221;4415&#8243; img_size=&#8221;full&#8221; style=&#8221;vc_box_border_circle_2&#8243;][vc_column_text]<strong>Alberto Rostellato</strong> Retail and C&amp;I Strategic Segments Account Manager, Southern Europe <strong>VERTIV</strong>[/vc_column_text][/vc_column][vc_column width=&#8221;1/6&#8243;][vc_single_image image=&#8221;4420&#8243;][/vc_column][/vc_row][vc_row][vc_column][vc_column_text]</p>
<h2><span style="color: #333333;"><strong>Come sta cambiando il data center e quali le nuove sfide generate?</strong></span></h2>
<p>Non è solo la pandemia ad aver avuto un impatto importante sui data center negli ultimi anni. L&#8217;ascesa dell&#8217;intelligenza artificiale generativa (AI-gen), la realtà virtuale e aumentata, l’Internet of Things (IoT) e più in generale le tecnologie più innovative legate all’Industria 4.0 hanno incrementato drasticamente la necessità di ambienti di calcolo in prossimità all’utente per ridurre i tempi di elaborazione e di risposta. Questo sta portando all’adozione di nuovi approcci alla progettazione, all&#8217;ampliamento e alla gestione dei data center.</p>
<p>Con un tasso di crescita annuo composto (CAGR) globale previsto del 17,8%, la tecnologia edge sta ridisegnando il panorama digitale, offrendo appunto esperienze utente migliorate, latenza ridotta e maggiore sicurezza per utenti e infrastrutture. Per sfruttare appieno il potenziale dei siti edge, le aziende però devono:</p>
<ul>
<li>scegliere il sistema rack ottimale, che può essere sia un modello rack classico indoor che uno shelter outdoor</li>
<li>integrare i sistemi di alimentazione e raffreddamento più adatti che rispondano alle varie esigenze, adottando una soluzione plug-and-play capace di semplificare così anche gli aspetti legati alla complessità dell’impianto e dell’installazione</li>
<li>implementare le migliori strategie di gestione remota e automazione affidandosi a sistemi di monitoraggio remoto in grado di identificare e risolvere in modo preventivo potenziali guasti alle sedi edge non presidiate</li>
</ul>
<p>Data la loro natura, i data center edge sono siti in luoghi remoti, dove non sempre la rete elettrica e connettività sono disponibili. In questi casi un’altra sfida è quella di rendere questi siti il più possibile autonomi grazie a pannelli fotovoltaici, batterie d’accumulo, connettività wireless, sistemi di sorveglianza e antincendio.</p>
<p><strong> </strong></p>
<h2><span style="color: #333333;"><strong>Come ottenere l’efficientamento energetico in un edge data center?</strong></span></h2>
<p>Vertiv offre un portfolio basato su ampie competenze e su forti expertise di innovazione. L’attenzione dell’azienda si concentra sullo sviluppo di soluzioni altamente disponibili che siano efficienti dal punto di vista energetico e idrico, supportando i clienti nel vincere le sfide più urgenti. La gamma di Vertiv aiuta a sostenere anche le iniziative di sostenibilità attraverso i sistemi per la gestione dell&#8217;energia e quella termica, per i rack e i sistemi di gestione IT, senza dimenticare i servizi e le soluzioni integrate.</p>
<p>Nello specifico, il <a href="https://www.vertiv.com/it-emea/products-catalog/facilities-enclosures-and-racks/integrated-solutions/vertiv-vrc-s-edge-ready-micro-data-center-system2/">Vertiv™ VRC-S</a> è la soluzione rack plug-and-play di micro data center che rispecchia in pieno il paradigma edge. È comprensivo di gruppo di continuità (UPS), condizionamento e distribuzione elettrica, il tutto pre-assemblato in fabbrica. L’efficientamento è dato quindi da:</p>
<ul>
<li>maggior semplicità d’installazione, quindi risparmio di tempo</li>
<li>modulazione della capacità di raffreddamento, adattandola al reale carico IT</li>
<li>integrazione di tutti gli elementi con una maggiore efficienza e controllo</li>
<li>disponibile anche con batterie al litio, che garantiscono un ciclo di vita 2-3 volte più lungo rispetto a quelle al piombo, vantano imgombri più ridotti e possono garantire risparmi sul TCO fino al 50% rispetto alle batterie VRLA</li>
<li>è compatibile coi principali protocolli standard per il monitoraggio, andando così a controllare i consumi dei singoli apparecchi, pianificando efficientemente la manutenzione, riducendo la necessità di personale sul posto</li>
<li>manutenzione preventiva che aumenta ulteriormente il ciclo di vita con conseguente riduzione dei costi legati alle parti di ricambio e allo smaltimento</li>
</ul>
<p>Il Vertiv VRC-S infine può essere affiancato da una soluzione di Energy Storage per l’accumulo di energia alternativa, proveniente per esempio da un impianto fotovoltaico, che può essere collegato tramite i nostri raddrizzatori e controlli ad alta efficienza. Questo aiuta a ridurre l’uso dell’energia elettrica proveniente dalla rete, riducendo così ulteriormente i costi e l’impatto sull’ambiente.</p>
<p>Tale soluzione è ottimale in ambienti non condizionati e non presidiati, come magazzini, linee di produzione, uffici.</p>
<p>Occorre infine ricordare che Vertiv supporta qualsiasi applicazione, con un’estesa offerta di servizi di assistenza che comprendono installazione, avvio, messa in servizio, manutenzione, sostituzioni, monitoraggio e diagnostica da remoto 24/7 e molto altro. La soluzione di diagnostica remota e monitoraggio preventivo Vertiv LIFE™ Service fornisce informazioni in tempo reale utili per prendere decisioni, poiché consente di rilevare precocemente eventuali anomalie, con reazioni istantanee in caso di allarme.[/vc_column_text][/vc_column][/vc_row]</p>

<p>[vc_row css=&#8221;.vc_custom_1695064285838{padding-top: 20px !important;}&#8221;][vc_column width=&#8221;5/6&#8243;][vc_single_image image=&#8221;4415&#8243; img_size=&#8221;full&#8221; style=&#8221;vc_box_border_circle_2&#8243;][vc_column_text]Alberto Rostellato Retail and C&amp;I Strategic Segments Account Manager, Southern Europe VERTIV[/vc_column_text][/vc_column][vc_column width=&#8221;1/6&#8243;][vc_single_image image=&#8221;4420&#8243;][/vc_column][/vc_row][vc_row][vc_column][vc_column_text] Come sta cambiando il data center e quali le nuove sfide generate? Non è solo la pandemia ad aver avuto un impatto importante sui data center negli ultimi anni. L&#8217;ascesa dell&#8217;intelligenza artificiale generativa (AI-gen), la [&hellip;]</p>

<!-- This site is optimized with the Yoast SEO plugin v24.8.1 - https://yoast.com/wordpress/plugins/seo/ -->
<title>intervista - It&#039;s all ENERGY EFFICIENCY</title>
<meta name="robots" content="index, follow, max-snippet:-1, max-image-preview:large, max-video-preview:-1" />
<link rel="canonical" href="https://itsall-energyefficiency.com/index.php/intervista-vertiv/" />
<meta property="og:locale" content="it_IT" />
<meta property="og:type" content="article" />
<meta property="og:title" content="intervista - It&#039;s all ENERGY EFFICIENCY" />
<meta property="og:description" content="[vc_row css=&#8221;.vc_custom_1695064285838{padding-top: 20px !important;}&#8221;][vc_column width=&#8221;5/6&#8243;][vc_single_image image=&#8221;4415&#8243; img_size=&#8221;full&#8221; style=&#8221;vc_box_border_circle_2&#8243;][vc_column_text]Alberto Rostellato Retail and C&amp;I Strategic Segments Account Manager, Southern Europe VERTIV[/vc_column_text][/vc_column][vc_column width=&#8221;1/6&#8243;][vc_single_image image=&#8221;4420&#8243;][/vc_column][/vc_row][vc_row][vc_column][vc_column_text] Come sta cambiando il data center e quali le nuove sfide generate? Non è solo la pandemia ad aver avuto un impatto importante sui data center negli ultimi anni. L&#8217;ascesa dell&#8217;intelligenza artificiale generativa (AI-gen), la [&hellip;]" />
<meta property="og:url" content="https://itsall-energyefficiency.com/index.php/intervista-vertiv/" />
<meta property="og:site_name" content="It&#039;s all ENERGY EFFICIENCY" />
<meta property="article:modified_time" content="2023-09-25T15:48:40+00:00" />
<meta name="twitter:card" content="summary_large_image" />
<meta name="twitter:label1" content="Tempo di lettura stimato" />
	<meta name="twitter:data1" content="4 minuti" />
<script type="application/ld+json" class="yoast-schema-graph">{"@context":"https://schema.org","@graph":[{"@type":"WebPage","@id":"https://itsall-energyefficiency.com/index.php/intervista-vertiv/","url":"https://itsall-energyefficiency.com/index.php/intervista-vertiv/","name":"intervista - It&#039;s all ENERGY EFFICIENCY","isPartOf":{"@id":"https://itsall-energyefficiency.com/#website"},"datePublished":"2023-09-22T14:41:17+00:00","dateModified":"2023-09-25T15:48:40+00:00","breadcrumb":{"@id":"https://itsall-energyefficiency.com/index.php/intervista-vertiv/#breadcrumb"},"inLanguage":"it-IT","potentialAction":[{"@type":"ReadAction","target":["https://itsall-energyefficiency.com/index.php/intervista-vertiv/"]}]},{"@type":"BreadcrumbList","@id":"https://itsall-energyefficiency.com/index.php/intervista-vertiv/#breadcrumb","itemListElement":[{"@type":"ListItem","position":1,"name":"Home","item":"https://itsall-energyefficiency.com/"},{"@type":"ListItem","position":2,"name":"intervista"}]},{"@type":"WebSite","@id":"https://itsall-energyefficiency.com/#website","url":"https://itsall-energyefficiency.com/","name":"It&#039;s all ENERGY EFFICIENCY","description":"Gli ENERGY MANEGER a confornto","potentialAction":[{"@type":"SearchAction","target":{"@type":"EntryPoint","urlTemplate":"https://itsall-energyefficiency.com/?s={search_term_string}"},"query-input":{"@type":"PropertyValueSpecification","valueRequired":true,"valueName":"search_term_string"}}],"inLanguage":"it-IT"}]}</script>
<!-- / Yoast SEO plugin. -->

[vc_row css=&#8221;.vc_custom_1695064285838{padding-top: 20px !important;}&#8221;][vc_column width=&#8221;5/6&#8243;][vc_single_image image=&#8221;4415&#8243; img_size=&#8221;full&#8221; style=&#8221;vc_box_border_circle_2&#8243;][vc_column_text]Alberto Rostellato Retail and C&amp;I Strategic Segments Account Manager, Southern Europe VERTIV[/vc_column_text][/vc_column][vc_column width=&#8221;1/6&#8243;][vc_single_image image=&#8221;4420&#8243;][/vc_column][/vc_row][vc_row][vc_column][vc_column_text] Come sta cambiando il data center e quali le nuove sfide generate? Non è solo la pandemia ad aver avuto un impatto importante sui data center negli ultimi anni. L&#8217;ascesa dell&#8217;intelligenza artificiale generativa (AI-gen), la [&hellip;]
