{"id":4894,"date":"2025-09-24T12:13:27","date_gmt":"2025-09-24T10:13:27","guid":{"rendered":"https:\/\/itsall-energyefficiency.com\/?page_id=4894"},"modified":"2025-09-24T12:16:45","modified_gmt":"2025-09-24T10:16:45","slug":"intervista-andrea-sburlati-chief-commercial-officer-xiber","status":"publish","type":"page","link":"https:\/\/itsall-energyefficiency.com\/index.php\/intervista-andrea-sburlati-chief-commercial-officer-xiber\/","title":{"rendered":"intervista"},"content":{"rendered":"<p>[vc_row css=&#8221;.vc_custom_1695064285838{padding-top: 20px !important;}&#8221;][vc_column width=&#8221;5\/6&#8243;][vc_single_image image=&#8221;4883&#8243; img_size=&#8221;full&#8221; style=&#8221;vc_box_border_circle_2&#8243;][vc_column_text]<strong>Andrea Sburlati <\/strong>Chief Commercial Officer <strong>XIBER<\/strong>[\/vc_column_text][\/vc_column][vc_column width=&#8221;1\/6&#8243;][vc_single_image image=&#8221;4420&#8243;][\/vc_column][\/vc_row][vc_row][vc_column][vc_column_text]<\/p>\n<h2><span style=\"color: #333333;\"><strong>Oggi le aziende italiane stanno investendo sempre pi\u00f9 in efficienza energetica. Quali sono le sfide principali che ancora ostacolano una piena valorizzazione di questi investimenti?<\/strong><\/span><\/h2>\n<p>L\u2019efficienza energetica \u00e8 ormai una scelta imprenditoriale strategica per ridurre i costi operativi e rafforzare la competitivit\u00e0.<\/p>\n<p>Tuttavia,\u00a0ad oggi permangono barriere rilevanti\u00a0che rallentano questo percorso: ritorni economici non sempre chiari, un quadro normativo instabile,\u00a0difficolt\u00e0 di accesso\u00a0al capitale e\u00a0agli incentivi disponibili, e\u00a0non da ultimo, una certa frammentazione\u00a0delle soluzioni per l&#8217;efficienza energetica e dei relativi fornitori. Il risultato \u00e8 che progetti validi rischiano di perdere efficacia o di generare meno valore del previsto.<\/p>\n<p>La chiave, a mio avviso, sta nell\u2019adottare un approccio integrato: visione\u00a0ampia, chiara\u00a0e di lungo periodo,\u00a0competenze specifiche in continua evoluzione\u00a0e capacit\u00e0 di coordinare tecnologie, soluzioni finanziarie e normativa in un\u2019unica regia. Solo cos\u00ec gli investimenti in efficienza energetica diventano un vantaggio competitivo reale, non solo un costo da ammortizzare.<\/p>\n<p>&nbsp;<\/p>\n<h2><span style=\"color: #333333;\"><strong>In questo scenario, come si inserisce XIBER e in che modo pu\u00f2 diventare un alleato strategico per chi vuole intraprendere un percorso di transizione energetica\u00a0in azienda?<\/strong><\/span><\/h2>\n<p>XIBER, ESCo del Gruppo TESYA, nasce per accompagnare le imprese in questo percorso, riducendo la dipendenza energetica, migliorando i consumi e rafforzando competitivit\u00e0 e sostenibilit\u00e0.<\/p>\n<p>Ci poniamo come partner strategico e non come semplice fornitore, mettendo a disposizione un modello che\u00a0combina pi\u00f9 elementi chiave: competenze tecniche, soluzioni multi-tecnologiche e servizi avanzati, accesso a modelli di finanziamento personalizzati e finanza agevolata.<\/p>\n<p>In questo modo, chi si occupa di gestione energetica pu\u00f2 contare su un\u00a0interlocutore unico, capace di trasformare strategie in risultati concreti e misurabili.<\/p>\n<p>Il valore aggiunto sta proprio nell\u2019integrazione: dalla diagnosi energetica iniziale e l\u2019accesso agli incentivi, alla progettazione e realizzazione delle soluzioni tecnologiche \u2013 fotovoltaico, accumulo, pompe di calore, power quality, elettrificazione dei consumi ecc\u2013 fino alla gestione e ottimizzazione degli impianti.\u00a0Non si tratta di un intervento isolato,\u00a0ma di un percorso che semplifica la complessit\u00e0, moltiplica i benefici, riduce rischi e costi operativi e accelera i tempi di rientro degli investimenti.\u00a0Questo approccio consente di trasformare la transizione energetica da un percorso complesso e frammentato in un\u2019opportunit\u00e0 concreta.<\/p>\n<p>La nostra esperienza ci ha insegnato infatti, che le imprese non hanno bisogno di tecnologie scollegate, ma di un percorso guidato che trasformi l\u2019investimento in un reale vantaggio competitivo reale.<\/p>\n<p>\u00c8 in questa capacit\u00e0 di unire visione strategica e operativit\u00e0 concreta che XIBER diventa un alleato per chi vuole affrontare la transizione energetica.<\/p>\n<p>&nbsp;<\/p>\n<p>&nbsp;<\/p>\n<p>&nbsp;<\/p>\n<p>&nbsp;<\/p>\n<p>&nbsp;<\/p>\n<p>&nbsp;<\/p>\n<p>&nbsp;[\/vc_column_text][\/vc_column][\/vc_row]<\/p>\n","protected":false},"excerpt":{"rendered":"<p>[vc_row css=&#8221;.vc_custom_1695064285838{padding-top: 20px !important;}&#8221;][vc_column width=&#8221;5\/6&#8243;][vc_single_image image=&#8221;4883&#8243; img_size=&#8221;full&#8221; style=&#8221;vc_box_border_circle_2&#8243;][vc_column_text]Andrea Sburlati Chief Commercial Officer XIBER[\/vc_column_text][\/vc_column][vc_column width=&#8221;1\/6&#8243;][vc_single_image image=&#8221;4420&#8243;][\/vc_column][\/vc_row][vc_row][vc_column][vc_column_text] Oggi le aziende italiane stanno investendo sempre pi\u00f9 in efficienza energetica. Quali sono le sfide principali che ancora ostacolano una piena valorizzazione di questi investimenti? L\u2019efficienza energetica \u00e8 ormai una scelta imprenditoriale strategica per ridurre i costi operativi e rafforzare [&hellip;]<\/p>\n","protected":false},"author":2,"featured_media":0,"parent":0,"menu_order":0,"comment_status":"closed","ping_status":"closed","template":"","meta":{"footnotes":""},"class_list":["post-4894","page","type-page","status-publish","hentry"],"yoast_head":"<!-- This site is optimized with the Yoast SEO plugin v24.8.1 - https:\/\/yoast.com\/wordpress\/plugins\/seo\/ -->\n<title>intervista - It&#039;s all ENERGY EFFICIENCY<\/title>\n<meta name=\"robots\" content=\"index, follow, max-snippet:-1, max-image-preview:large, max-video-preview:-1\" \/>\n<link rel=\"canonical\" href=\"https:\/\/itsall-energyefficiency.com\/index.php\/intervista-andrea-sburlati-chief-commercial-officer-xiber\/\" \/>\n<meta property=\"og:locale\" content=\"it_IT\" \/>\n<meta property=\"og:type\" content=\"article\" \/>\n<meta property=\"og:title\" content=\"intervista - It&#039;s all ENERGY EFFICIENCY\" \/>\n<meta property=\"og:description\" content=\"[vc_row css=&#8221;.vc_custom_1695064285838{padding-top: 20px !important;}&#8221;][vc_column width=&#8221;5\/6&#8243;][vc_single_image image=&#8221;4883&#8243; img_size=&#8221;full&#8221; style=&#8221;vc_box_border_circle_2&#8243;][vc_column_text]Andrea Sburlati Chief Commercial Officer XIBER[\/vc_column_text][\/vc_column][vc_column width=&#8221;1\/6&#8243;][vc_single_image image=&#8221;4420&#8243;][\/vc_column][\/vc_row][vc_row][vc_column][vc_column_text] Oggi le aziende italiane stanno investendo sempre pi\u00f9 in efficienza energetica. Quali sono le sfide principali che ancora ostacolano una piena valorizzazione di questi investimenti? L\u2019efficienza energetica \u00e8 ormai una scelta imprenditoriale strategica per ridurre i costi operativi e rafforzare [&hellip;]\" \/>\n<meta property=\"og:url\" content=\"https:\/\/itsall-energyefficiency.com\/index.php\/intervista-andrea-sburlati-chief-commercial-officer-xiber\/\" \/>\n<meta property=\"og:site_name\" content=\"It&#039;s all ENERGY EFFICIENCY\" \/>\n<meta property=\"article:modified_time\" content=\"2025-09-24T10:16:45+00:00\" \/>\n<meta name=\"twitter:card\" content=\"summary_large_image\" \/>\n<meta name=\"twitter:label1\" content=\"Tempo di lettura stimato\" \/>\n\t<meta name=\"twitter:data1\" content=\"3 minuti\" \/>\n<script type=\"application\/ld+json\" class=\"yoast-schema-graph\">{\"@context\":\"https:\/\/schema.org\",\"@graph\":[{\"@type\":\"WebPage\",\"@id\":\"https:\/\/itsall-energyefficiency.com\/index.php\/intervista-andrea-sburlati-chief-commercial-officer-xiber\/\",\"url\":\"https:\/\/itsall-energyefficiency.com\/index.php\/intervista-andrea-sburlati-chief-commercial-officer-xiber\/\",\"name\":\"intervista - It&#039;s all ENERGY EFFICIENCY\",\"isPartOf\":{\"@id\":\"https:\/\/itsall-energyefficiency.com\/#website\"},\"datePublished\":\"2025-09-24T10:13:27+00:00\",\"dateModified\":\"2025-09-24T10:16:45+00:00\",\"breadcrumb\":{\"@id\":\"https:\/\/itsall-energyefficiency.com\/index.php\/intervista-andrea-sburlati-chief-commercial-officer-xiber\/#breadcrumb\"},\"inLanguage\":\"it-IT\",\"potentialAction\":[{\"@type\":\"ReadAction\",\"target\":[\"https:\/\/itsall-energyefficiency.com\/index.php\/intervista-andrea-sburlati-chief-commercial-officer-xiber\/\"]}]},{\"@type\":\"BreadcrumbList\",\"@id\":\"https:\/\/itsall-energyefficiency.com\/index.php\/intervista-andrea-sburlati-chief-commercial-officer-xiber\/#breadcrumb\",\"itemListElement\":[{\"@type\":\"ListItem\",\"position\":1,\"name\":\"Home\",\"item\":\"https:\/\/itsall-energyefficiency.com\/\"},{\"@type\":\"ListItem\",\"position\":2,\"name\":\"intervista\"}]},{\"@type\":\"WebSite\",\"@id\":\"https:\/\/itsall-energyefficiency.com\/#website\",\"url\":\"https:\/\/itsall-energyefficiency.com\/\",\"name\":\"It&#039;s all ENERGY EFFICIENCY\",\"description\":\"Gli ENERGY MANEGER a confornto\",\"potentialAction\":[{\"@type\":\"SearchAction\",\"target\":{\"@type\":\"EntryPoint\",\"urlTemplate\":\"https:\/\/itsall-energyefficiency.com\/?s={search_term_string}\"},\"query-input\":{\"@type\":\"PropertyValueSpecification\",\"valueRequired\":true,\"valueName\":\"search_term_string\"}}],\"inLanguage\":\"it-IT\"}]}<\/script>\n<!-- \/ Yoast SEO plugin. -->","yoast_head_json":{"title":"intervista - It&#039;s all ENERGY EFFICIENCY","robots":{"index":"index","follow":"follow","max-snippet":"max-snippet:-1","max-image-preview":"max-image-preview:large","max-video-preview":"max-video-preview:-1"},"canonical":"https:\/\/itsall-energyefficiency.com\/index.php\/intervista-andrea-sburlati-chief-commercial-officer-xiber\/","og_locale":"it_IT","og_type":"article","og_title":"intervista - It&#039;s all ENERGY EFFICIENCY","og_description":"[vc_row css=&#8221;.vc_custom_1695064285838{padding-top: 20px !important;}&#8221;][vc_column width=&#8221;5\/6&#8243;][vc_single_image image=&#8221;4883&#8243; img_size=&#8221;full&#8221; style=&#8221;vc_box_border_circle_2&#8243;][vc_column_text]Andrea Sburlati Chief Commercial Officer XIBER[\/vc_column_text][\/vc_column][vc_column width=&#8221;1\/6&#8243;][vc_single_image image=&#8221;4420&#8243;][\/vc_column][\/vc_row][vc_row][vc_column][vc_column_text] Oggi le aziende italiane stanno investendo sempre pi\u00f9 in efficienza energetica. Quali sono le sfide principali che ancora ostacolano una piena valorizzazione di questi investimenti? L\u2019efficienza energetica \u00e8 ormai una scelta imprenditoriale strategica per ridurre i costi operativi e rafforzare [&hellip;]","og_url":"https:\/\/itsall-energyefficiency.com\/index.php\/intervista-andrea-sburlati-chief-commercial-officer-xiber\/","og_site_name":"It&#039;s all ENERGY EFFICIENCY","article_modified_time":"2025-09-24T10:16:45+00:00","twitter_card":"summary_large_image","twitter_misc":{"Tempo di lettura stimato":"3 minuti"},"schema":{"@context":"https:\/\/schema.org","@graph":[{"@type":"WebPage","@id":"https:\/\/itsall-energyefficiency.com\/index.php\/intervista-andrea-sburlati-chief-commercial-officer-xiber\/","url":"https:\/\/itsall-energyefficiency.com\/index.php\/intervista-andrea-sburlati-chief-commercial-officer-xiber\/","name":"intervista - It&#039;s all ENERGY EFFICIENCY","isPartOf":{"@id":"https:\/\/itsall-energyefficiency.com\/#website"},"datePublished":"2025-09-24T10:13:27+00:00","dateModified":"2025-09-24T10:16:45+00:00","breadcrumb":{"@id":"https:\/\/itsall-energyefficiency.com\/index.php\/intervista-andrea-sburlati-chief-commercial-officer-xiber\/#breadcrumb"},"inLanguage":"it-IT","potentialAction":[{"@type":"ReadAction","target":["https:\/\/itsall-energyefficiency.com\/index.php\/intervista-andrea-sburlati-chief-commercial-officer-xiber\/"]}]},{"@type":"BreadcrumbList","@id":"https:\/\/itsall-energyefficiency.com\/index.php\/intervista-andrea-sburlati-chief-commercial-officer-xiber\/#breadcrumb","itemListElement":[{"@type":"ListItem","position":1,"name":"Home","item":"https:\/\/itsall-energyefficiency.com\/"},{"@type":"ListItem","position":2,"name":"intervista"}]},{"@type":"WebSite","@id":"https:\/\/itsall-energyefficiency.com\/#website","url":"https:\/\/itsall-energyefficiency.com\/","name":"It&#039;s all ENERGY EFFICIENCY","description":"Gli ENERGY MANEGER a confornto","potentialAction":[{"@type":"SearchAction","target":{"@type":"EntryPoint","urlTemplate":"https:\/\/itsall-energyefficiency.com\/?s={search_term_string}"},"query-input":{"@type":"PropertyValueSpecification","valueRequired":true,"valueName":"search_term_string"}}],"inLanguage":"it-IT"}]}},"_links":{"self":[{"href":"https:\/\/itsall-energyefficiency.com\/index.php\/wp-json\/wp\/v2\/pages\/4894","targetHints":{"allow":["GET"]}}],"collection":[{"href":"https:\/\/itsall-energyefficiency.com\/index.php\/wp-json\/wp\/v2\/pages"}],"about":[{"href":"https:\/\/itsall-energyefficiency.com\/index.php\/wp-json\/wp\/v2\/types\/page"}],"author":[{"embeddable":true,"href":"https:\/\/itsall-energyefficiency.com\/index.php\/wp-json\/wp\/v2\/users\/2"}],"replies":[{"embeddable":true,"href":"https:\/\/itsall-energyefficiency.com\/index.php\/wp-json\/wp\/v2\/comments?post=4894"}],"version-history":[{"count":2,"href":"https:\/\/itsall-energyefficiency.com\/index.php\/wp-json\/wp\/v2\/pages\/4894\/revisions"}],"predecessor-version":[{"id":4896,"href":"https:\/\/itsall-energyefficiency.com\/index.php\/wp-json\/wp\/v2\/pages\/4894\/revisions\/4896"}],"wp:attachment":[{"href":"https:\/\/itsall-energyefficiency.com\/index.php\/wp-json\/wp\/v2\/media?parent=4894"}],"curies":[{"name":"wp","href":"https:\/\/api.w.org\/{rel}","templated":true}]}}